 -110110 (base 2) in base 8?
-66
What is -11 (base 8) in base 4?
-21
What is 2 (base 15) in base 10?
2
What is 55 (base 7) in base 6?
104
What is -6 (base 9) in base 11?
-6
Convert -2 (base 3) to base 5.
-2
Convert -1 (base 6) to base 7.
-1
What is -14 (base 9) in base 12?
-11
-b (base 15) to base 9
-12
-2 (base 4) to base 12
-2
What is -330 (base 7) in base 9?
-206
What is -12 (base 9) in base 2?
-1011
Convert -45 (base 11) to base 3.
-1211
What is 24 (base 6) in base 2?
10000
Convert 32 (base 6) to base 7.
26
What is 2e (base 16) in base 14?
34
What is -90 (base 16) in base 15?
-99
-4 (base 15) to base 12
-4
What is 1 (base 11) in base 10?
1
-80 (base 13) to base 14
-76
Convert bb (base 14) to base 9.
203
173 (base 10) to base 6
445
What is 1a (base 12) in base 14?
18
Convert -1034 (base 5) to base 15.
-99
Convert 0 (base 10) to base 5.
0
Convert -32 (base 6) to base 15.
-15
What is -21 (base 4) in base 6?
-13
Convert -51 (base 11) to base 12.
-48
86 (base 13) to base 10
110
Convert 7 (base 13) to base 4.
13
-2 (base 8) to base 3
-2
-3 (base 8) to base 10
-3
What is -34 (base 11) in base 4?
-211
Convert -1452 (base 6) to base 9.
-475
-a (base 13) to base 8
-12
Convert 2 (base 5) to base 2.
10
0 (base 7) to base 16
0
Convert 16 (base 13) to base 14.
15
What is -6 (base 7) in base 13?
-6
What is 5c (base 13) in base 9?
85
-301 (base 4) to base 11
-45
-106 (base 10) to base 13
-82
Convert -34 (base 14) to base 7.
-64
What is -2022 (base 5) in base 9?
-321
Convert -13 (base 11) to base 16.
-e
What is 44 (base 16) in base 11?
62
What is 41 (base 10) in base 8?
51
What is 2 (base 15) in base 7?
2
7 (base 12) to base 11
7
Convert -15 (base 14) to base 16.
-13
Convert -12 (base 3) to base 13.
-5
124 (base 6) to base 12
44
-11 (base 4) to base 13
-5
What is -12 (base 4) in base 10?
-6
Convert 5 (base 9) to base 10.
5
-30 (base 7) to base 11
-1a
-44 (base 5) to base 12
-20
What is 1e (base 16) in base 8?
36
Convert -b1 (base 16) to base 6.
-453
What is 18 (base 9) in base 4?
101
-11 (base 4) to base 14
-5
What is -82 (base 11) in base 16?
-5a
Convert 66 (base 7) to base 3.
1210
What is 17 (base 11) in base 4?
102
Convert 95 (base 16) to base 9.
175
Convert 1 (base 9) to base 6.
1
-1010 (base 2) to base 11
-a
221 (base 5) to base 8
75
Convert 57 (base 10) to base 7.
111
What is -12 (base 12) in base 8?
-16
Convert 86 (base 15) to base 10.
126
7 (base 14) to base 11
7
What is 43 (base 14) in base 8?
73
What is -3 (base 9) in base 13?
-3
-9 (base 13) to base 12
-9
What is 3 (base 10) in base 15?
3
-79 (base 12) to base 3
-10110
What is -24 (base 8) in base 3?
-202
Convert -101010 (base 2) to base 12.
-36
1 (base 11) to base 8
1
Convert -163 (base 8) to base 16.
-73
Convert -1 (base 5) to base 16.
-1
Convert -15 (base 14) to base 2.
-10011
5 (base 16) to base 2
101
What is -16 (base 9) in base 3?
-120
What is -4 (base 5) in base 13?
-4
What is -b (base 13) in base 6?
-15
What is 45 (base 13) in base 10?
57
12 (base 5) to base 2
111
-1111 (base 2) to base 9
-16
-23 (base 5) to base 2
-1101
Convert 34 (base 7) to base 16.
19
Convert -60 (base 8) to base 2.
-110000
3 (base 15) to base 13
3
16 (base 9) to base 3
120
3 (base 5) to base 12
3
-43 (base 8) to base 3
-1022
-222 (base 10) to base 4
-3132
What is -262 (base 10) in base 14?
-14a
What is 1232 (base 4) in base 8?
156
What is -10110100 (base 2) in base 11?
-154
Convert -10 (base 9) to base 12.
-9
0 (base 8) to base 3
0
Convert -5 (base 10) to base 6.
-5
-201 (base 3) to base 13
-16
What is -1 (base 10) in base 8?
-1
What is -10101 (base 2) in base 13?
-18
Convert -1104 (base 5) to base 14.
-b0
Convert -1 (base 7) to base 5.
-1
62 (base 7) to base 3
1122
-82 (base 15) to base 4
-1322
-b (base 13) to base 4
-23
What is 16 (base 10) in base 16?
10
Convert -11102 (base 3) to base 15.
-7e
Convert -3 (base 13) to base 8.
-3
What is -37 (base 16) in base 3?
-2001
What is -2 (base 6) in base 16?
-2
371 (base 10) to base 9
452
Convert 30 (base 8) to base 9.
26
What is -3 (base 7) in base 3?
-10
What is 30 (base 14) in base 9?
46
3 (base 10) to base 16
3
Convert -122 (base 3) to base 2.
-10001
12 (base 3) to base 15
5
Convert 3 (base 6) to base 11.
3
What is 22200 (base 3) in base 12?
176
Convert -1011 (base 3) to base 13.
-25
What is -8 (base 13) in base 8?
-10
Convert 3 (base 15) to base 16.
3
-136 (base 14) to base 4
-3310
What is -5 (base 8) in base 15?
-5
What is 12 (base 7) in base 8?
11
What is -3 (base 10) in base 5?
-3
-6 (base 9) to base 11
-6
Convert -2 (base 14) to base 5.
-2
10000101 (base 2) to base 7
250
Convert -3 (base 14) to base 10.
-3
Convert 3 (base 4) to base 6.
3
Convert -11 (base 3) to base 7.
-4
-15 (base 9) to base 5
-24
Convert 52 (base 10) to base 13.
40
87 (base 10) to base 2
1010111
258 (base 11) to base 5
2210
Convert 22 (base 4) to base 8.
12
-1013 (base 5) to base 10
-133
6 (base 16) to base 2
110
What is 1 (base 11) in base 6?
1
Convert -61 (base 13) to base 5.
-304
Convert -7 (base 10) to base 15.
-7
Convert -50 (base 9) to base 4.
-231
What is 1 (base 8) in base 2?
1
Convert 2 (base 14) to base 4.
2
c9 (base 15) to base 10
189
What is -3 (base 12) in base 6?
-3
-2 (base 14) to base 4
-2
What is 22 (base 12) in base 15?
1b
131 (base 6) to base 12
47
What is -4 (base 11) in base 15?
-4
11111 (base 2) to base 11
29
What is 0 (base 11) in base 15?
0
Convert 24 (base 6) to base 13.
13
What is 15 (base 10) in base 15?
10
-4 (base 6) to base 13
-4
-2 (base 5) to base 3
-2
0 (base 10) to base 11
0
Convert -31 (base 11) to base 9.
-37
-156 (base 9) to base 4
-2010
Convert 21 (base 12) to base 5.
100
What is 2 (base 11) in base 2?
10
What is 7 (base 10) in base 7?
10
Convert -9 (base 15) to base 3.
-100
What is -5 (base 9) in base 2?
-101
What is 1 (base 16) in base 10?
1
What is -20 (base 3) in base 13?
-6
What is -11 (base 2) in base 3?
-10
What is 9 (base 12) in base 9?
10
-2 (base 3) to base 16
-2
0 (base 14) to base 6
0
What is -59 (base 12) in base 13?
-54
What is 121 (base 4) in base 14?
1b
What is 7 (base 16) in base 7?
10
Convert 606 (base 7) to base 10.
300
20 (base 3) to base 9
6
What is -1b (base 16) in base 4?
-123
1 (base 7) to base 15
1
Convert 0 (base 14) to base 15.
0
What is 1a (base 11) in base 5?
41
Convert -33 (base 5) to base 6.
-30
0 (base 5) to base 13
0
What is -1000001 (base 2) in base 13?
-50
-9 (base 11) to base 12
-9
What is c8 (base 13) in base 7?
323
What is 1 (base 11) in base 3?
1
1 (base 13) to base 6
1
1 (base 9) to base 14
1
Convert 2b (base 14) to base 5.
124
What is 100001 (base 2) in base 6?
53
What is b8 (base 12) in base 5?
1030
Convert -4 (base 11) to base 16.
-4
Convert -e (base 15) to base 6.
-22
Convert -8 (base 11) to base 12.
-8
Convert 5 (base 6) to base 4.
11
-2 (base 15) to base 10
-2
6 (base 10) to base 13
6
1022 (base 4) to base 10
74
-17 (base 16) to base 9
-25
Convert -21 (base 11) to base 8.
-27
Convert 10 (base 4) to base 7.
4
What is 1 (base 4) in base 7?
1
Convert 52 (base 12) to base 6.
142
What is 302 (base 4) in base 2?
110010
145 (base 8) to base 7
203
-7 (base 15) to base 6
-11
What is -453 (base 6) in base 7?
-342
-1115 (base 6) to base 15
-128
1 (base 3) to base 9
1
What is -2 (base 11) in base 12?
-2
Convert 63 (base 16) to base 10.
99
-4 (base 16) to base 7
-4
What is 1 (base 16) in base 10?
1
What is 3 (base 15) in base 16?
3
What is -2 (base 13) in base 5?
-2
101110 (base 2) to base 7
64
Convert 2 (base 14) to base 11.
2
Convert 100010100 (base 2) to base 4.
10110
What is -3 (base 11) in base 5?
-3
-5 (base 9) to base 8
-5
What is -44 (base 12) in base 2?
-110100
Convert -11 (base 11) to base 7.
-15
Convert -11 (base 2) to base 8.
-3
What is -237 (base 8) in base 9?
-186
What is 202 (base 10) in base 9?
244
Convert -311 (base 5) to base 6.
-213
Convert -1020 (base 4) to base 2.
-1001000
What is 81 (base 10) in base 14?
5b
Convert -bb (base 13) to base 6.
-414
Convert -3 (base 4) to base 11.
-3
Convert 0 (base 4) to base 3.
0
-15 (base 11) to base 12
-14
Convert -13 (base 11) to base 12.
-12
-111111 (base 2) to base 10
-63
10 (base 3) to base 4
3
1 (base 11) to base 5
1
What is 1 (base 16) in base 5?
1
What is -3 (base 14) in base 9?
-3
What is 5 (base 6) in base 14?
5
What is -11 (base 14) in base 16?
-f
-4 (base 1